 f(4). Suppose -m + 5 + 2 = o. Let k = -34 + 46. Calculate the remainder when k is divided by m.
5
Let u(v) be the first derivative of v**2 - 4*v - 2. Let d be u(3). What is the remainder when 4 is divided by 2 + (-6)/d - -4?
1
Suppose 0 = 4*i - 0*l - 5*l - 110, -3*l - 144 = -5*i. Suppose -i = -2*n + 3*x, 2*n + 3*n + 2*x = 37. What is the remainder when 15 is divided by n?
6
Let w(n) = n**3 - 9*n**2 + 2*n + 10. What is the remainder when w(10) is divided by 33?
31
Let z(n) = n**2 + 10*n - 6. Calculate the remainder when z(-11) is divided by 3.
2
Let n = -3 - -1. Let w be (-2)/n + 4 + 123. Suppose -2*k = -w + 18. What is the remainder when k is divided by 19?
17
Let o = -74 - -112. Let i = -4 - -17. Calculate the remainder when o is divided by i.
12
Let u(j) be the second derivative of -j**4/12 - 13*j**3/6 - 13*j**2/2 + 5*j. Calculate the remainder when 67 is divided by u(-9).
21
Let u(h) = -h - 3. Let a be u(-3). Suppose v + v - 180 = a. Suppose -3*m - 3*s = -s - 91, -3*s = 3*m - v. Calculate the remainder when m is divided by 11.
9
Let y be (-1)/(((-2)/61)/2). Let j = y + -41. What is the remainder when j is divided by 11?
9
Let x(p) = 7*p**2 + p - 2. Let h be x(1). Suppose -h*t - 36 = -10*t. What is the remainder when 16 is divided by t?
7
Suppose -5*l + 4*l = 2. Let n(h) = -5*h. Calculate the remainder when 28 is divided by n(l).
8
Suppose 3 = -2*h + 9. Suppose -h*o + 5*o - 14 = 0. Calculate the remainder when o is divided by 4.
3
Let n = -94 + 154. What is the remainder when n is divided by 16?
12
Let f = 45 + 3. Calculate the remainder when f is divided by 9 - (-2)/(6/3).
8
Suppose -4*u - 36 = 2*s, -4 = -2*s + 3*s. Let n(o) = -3*o - 6*o - 1 - o**2 - 2. Calculate the remainder when n(u) is divided by 4.
3
Let l(p) = 2*p - 5. Let n be l(5). Let q = 12 - n. Suppose -2*g + 0*g - 62 = -5*d, 2*g + 38 = 3*d. What is the remainder when d is divided by q?
5
Suppose 0 = 4*a - 0*y + 5*y - 227, 0 = a + 2*y - 56. What is the remainder when a is divided by 21?
16
Suppose 3 = 3*h - 0*h. Suppose z - h = 54. What is the remainder when z is divided by 19?
17
Let c(l) = 3*l**2 - 7*l + 1. Let z(j) = j**3 - 4*j**2 - 4*j + 3. Let o be z(5). What is the remainder when c(o) is divided by 35?
32
Suppose -2*w + 432 = -0*w. Suppose 2*y - q - 55 = 0, -5*y + w = 4*q + 72. What is the remainder when y is divided by 15?
13
Suppose 4*d - q - 2*q = 35, 1 = -q. Let x(r) be the third derivative of 11*r**4/24 + r**3/6 - r**2. What is the remainder when x(2) is divided by d?
7
Let q be -1 + 2 - 1 - 73. Let v = 87 + 36. Let t = q + v. Calculate the remainder when t is divided by 17.
16
Suppose -4*o + 5 = -15. Suppose 5*i - 49 + 14 = 0. Calculate the remainder when i is divided by o.
2
Let a be (-1)/4 - 26/(-8). Suppose 15 = -p + 2*p - 4*m, -a*p = 2*m - 73. What is the remainder when 45 is divided by p?
22
Let u(y) = 3*y - 7. Suppose -5 = p - 19. Calculate the remainder when p is divided by u(4).
4
Let c = 0 + 0. Let x(r) = -r**2 + 16. Let m be x(5). What is the remainder when 29 is divided by 2 - 1 - (m - c)?
9
Let l(o) = -o**2 - 4*o. Let z be l(-4). Let c = 19 - z. Calculate the remainder when c is divided by 7.
5
Suppose 0 = -5*q + 3*x - 0*x + 37, -5*q - 5*x = -45. Calculate the remainder when ((60/(-14))/((-3)/(-21)))/(-1) is divided by q.
6
Suppose -23 = -5*t - 3. Suppose 0 = -t*g, -2*q - 11 = g - 97. What is the remainder when q is divided by (5/(-10) + 0)*-30?
13
Suppose 3 = -m + 20. Suppose 0*z = -2*z - 2*y + 18, -5*y = z - 25. What is the remainder when m is divided by z?
2
Suppose 0 = 2*o - 3*o - 4*d + 13, -o = d - 7. Suppose s + 3*q + 3 + 0 = 0, 0 = -4*s - o*q + 2. What is the remainder when 6 is divided by s?
0
Suppose 0 = -j - 2, -5*v + 4*j = 7 - 20. Let g be 2 + v + (-282)/3. Let h = 135 + g. What is the remainder when h is divided by 15?
14
Suppose 25 = 5*r, 4*n - 32 = -4*r + 104. Let f = 22 - 7. What is the remainder when n is divided by f?
14
Let u(s) = s**2 + 7*s - 3. Let r be (-13)/2 + (-3)/2. What is the remainder when 13 is divided by u(r)?
3
Suppose -4*l + 3*j - 7*j + 108 = 0, -2*l = 4*j - 60. Calculate the remainder when 94 is divided by l.
22
Suppose -u = 2*j - 77, -5*u = -10*u + 15. Suppose 0*i - i = -20. Calculate the remainder when j is divided by i.
17
Let c = 54 + -33. Calculate the remainder when 60 is divided by c.
18
Suppose 3*x - 9 = d + 8*x, 4*d - 5*x - 39 = 0. What is the remainder when 7 is divided by d?
1
Let w = 15 - 10. Let d be 1/4 - 70/(-8). Suppose d = 3*a + 3*n, 4*a - 5*n - w = 34. What is the remainder when 11 is divided by a?
5
Let b(t) = 2*t**2 + 3*t - 1. Let x be b(-5). Let h = 6 + x. Suppose f - 56 = -4*a, 2*a + 3*f - 28 = -0*a. What is the remainder when h is divided by a?
12
Calculate the remainder when (0 - -2 - 5)/((-6)/104) is divided by 14.
10
Suppose 0*q + q + 9 = 0. What is the remainder when 3/q + 194/6 is divided by 17?
15
Suppose -5*r + 32 = 3*x, x - 5*r + 41 = 5*x. What is the remainder when 34 is divided by x?
7
Let n = -46 + 13. Let h = n - -59. Suppose -p + 4*a = -22, -3*p - p + 64 = -4*a. What is the remainder when h is divided by p?
12
Let l be (-2)/(3 - 1/1). Let q = 12 - 2. What is the remainder when (-19)/l + (0 - 1) is divided by q?
8
Let w be (6/4)/((-3)/4). Let l(m) = 2*m**2 + m**2 + 2 + 0. Calculate the remainder when l(w) is divided by 8.
6
Suppose -2*m - 5*j = -109, 0 = 4*m + 4*j - 0*j - 200. Calculate the remainder when m is divided by 17.
13
Let c be (-2)/8 + (-65)/(-20). Suppose c*d + 3*h - 21 = 0, 2 = -4*d + h + 25. What is the remainder when 10 is divided by d?
4
Suppose 2*k + 4*s + 121 = 21, 2*k + 3*s + 96 = 0. Let t be (4/8)/((-1)/k). What is the remainder when 1*t - (-5 + 3) is divided by 12?
11
Let o = 5 - 3. Suppose -2*c = 3*c. Suppose c*j - 2*j + o = 0. Calculate the remainder when 2 is divided by j.
0
Let v = 34 - 30. Calculate the remainder when v is divided by ((-3)/(-1))/(2 - 1).
1
Let w be ((-1)/2)/((-2)/176). Suppose 2*a + 3*m - w = 0, a - 22 + 0 = -2*m. Calculate the remainder when a is divided by 12.
10
Suppose 0 = 2*x - 5*x + 96. Let u = x - 6. Calculate the remainder when u is divided by 14.
12
Suppose 0 = h - 4*h + 12. Suppose -h*w + 12 = -3*w. What is the remainder when 23 is divided by w?
11
Suppose -2*k + 2*w = -4*k + 2, -11 = -3*k - w. Suppose k*v = 45 + 5. Calculate the remainder when 19 is divided by v.
9
Suppose 3*g - 2*g - 13 = -4*r, -r + 5*g - 2 = 0. Suppose 51 = 3*j - r. Calculate the remainder when 53 is divided by j.
17
Suppose 9 = 6*y - 105. Calculate the remainder when 36 is divided by y.
17
Suppose -4*y + 356 = 4*n, y = 5*y - n - 341. What is the remainder when y is divided by 23?
17
Let y = 13 + -2. Suppose 12*l - 42 = 11*l. What is the remainder when l is divided by y?
9
Suppose -2*i = -90 - 310. Let j = 15 + -2. Calculate the remainder when i/6*(-12)/(-8) is divided by j.
11
Suppose 2*s = -2*h - 6, 0 = -s + 3*s - 2*h + 10. Calculate the remainder when (62/s)/((-5)/10) is divided by 11.
9
Suppose -4*u = -67 + 23. Calculate the remainder when u is divided by 7.
4
Suppose -3*h = -2*h - 8. Suppose t + 64 = 2*m + 5*t, 149 = 5*m - t. Calculate the remainder when m is divided by h.
6
Let d(q) = -3*q**2 - 2*q + 2. Let a be d(1). Let u(g) = g**3 + g**2 + 9. What is the remainder when u(0) is divided by -1*(-6 - a/3)?
4
Let a = -18 + 33. Let q = a + -2. What is the remainder when 38 is divided by q?
12
Suppose -a + 5*j - 2 = 1, 2*a - 20 = -3*j. Suppose -2*c - 27 = -a. What is the remainder when 9 is divided by (c/15)/(2/(-18))?
3
Suppose -y + 0*y + 3 = 0. Let m = 61 - 54. Calculate the remainder when m is divided by y.
1
Suppose -2*i = 4*s - i - 48, -4*s = -2*i - 60. Suppose 3*d + 205 = -2*d. Let z = d - -78. What is the remainder when z is divided by s?
11
Let h = 6 - -14. What is the remainder when 58 is divided by h?
18
Let w(h) = h**2 - 4*h - 3. Calculate the remainder when 56 is divided by w(-4).
27
Suppose 2*c = -c + 225. Calculate the remainder when c is divided by 13.
10
Calculate the remainder when (-1 - 378/(-12))/(1/2) is divided by 13.
9
Let f be 1/1 + (164 - -1). Suppose -4*c = -s - f, 2*c - s - 85 = -3. Calculate the remainder when c is divided by 22.
20
Suppose 2*g + 3 = 3*g. What is the remainder when 5 is divided by g?
2
Let r(b) = -b**2 + 3*b + 5. Let 